{"id":2029,"date":"2020-12-10T00:18:03","date_gmt":"2020-12-10T00:18:03","guid":{"rendered":"https:\/\/veredas.xoc.uam.mx\/?page_id=2029"},"modified":"2020-12-11T17:29:49","modified_gmt":"2020-12-11T17:29:49","slug":"veredas-nueva-epoca","status":"publish","type":"page","link":"https:\/\/veredas.xoc.uam.mx\/index.php\/veredas-nueva-epoca\/","title":{"rendered":"Veredas: Nueva \u00c9poca"},"content":{"rendered":"\n<div class=\"wp-block-image\"><figure class=\"aligncenter size-large\"><img fetchpriority=\"high\" decoding=\"async\" width=\"641\" height=\"927\" src=\"https:\/\/veredas.xoc.uam.mx\/archivos\/2020\/12\/portada40Web.jpg\" alt=\"\" class=\"wp-image-2259\" srcset=\"https:\/\/veredas.xoc.uam.mx\/archivos\/2020\/12\/portada40Web.jpg 641w, https:\/\/veredas.xoc.uam.mx\/archivos\/2020\/12\/portada40Web-207x300.jpg 207w\" sizes=\"(max-width: 641px) 100vw, 641px\" \/><\/figure><\/div>\n\n\n\n<p id=\"block-43b79f5e-1ff2-449d-b697-9fd3926d4e95\">Siguiendo la tradici\u00f3n de <em>Veredas<\/em> como una revista del pensamiento sociol\u00f3gico con una larga trayectoria acad\u00e9mica, preocupada adem\u00e1s por la reflexi\u00f3n de los problemas del mundo, publicamos una serie de art\u00edculos que dan cuenta de algunas cuestiones en las que hoy d\u00eda es imperante debatir, con el fin de acercarnos a la complejidad y comprensi\u00f3n del mundo en que vivimos respetando en todo momento la libertad de pensamiento.&nbsp;<\/p>\n\n\n\n<p id=\"block-f136a3f7-0a5e-4cb7-960d-11bf502c6bf3\">En su A\u00f1o 21, la revista se abre a nuevos g\u00e9neros que complementan el abanico reflexivo que demandan nuestros tiempos. As\u00ed, ensayos acad\u00e9micos, rese\u00f1as, traducciones y entrevistas a profundidad, son nuevos contenidos que reconfiguran nuestro inter\u00e9s permanente por el desarrollo te\u00f3rico y la comprensi\u00f3n de los procesos sociales de m\u00faltiples regiones del mundo.<\/p>\n\n\n\n<p id=\"block-a0c98ac3-6edc-453f-bea0-0143682bc9cf\">Con el n\u00famero 40 de <em>Veredas, Revista del pensamiento sociol\u00f3gico<\/em>, arrancamos una Nueva \u00c9poca del proyecto editorial del Departamento de Relaciones Sociales.<\/p>\n\n\n\n<p id=\"block-49bd8401-5be7-49ac-a9d5-ebe493d93552\">Iniciamos con cambios en la imagen y ahora potenciamos otros recursos multimedia en esta p\u00e1gina web, con el fin de aprovechar las posibilidades que el universo digital y las nuevas formas de comunicar nos permiten. Por esta v\u00eda se abre sobre todo, la posibilidad del debate y el di\u00e1logo acad\u00e9mico, as\u00ed como las pertinentes actualizaciones de las investigaciones publicadas en la revista impresa.<\/p>\n\n\n\n<p id=\"block-b74444d1-187f-4385-9319-4873b8020913\">En este compromiso de la Universidad Aut\u00f3noma Metropolitana y de <em>Veredas, Revista del pensamiento sociol\u00f3gico<\/em>, por debatir y reflexionar con un enfoque social sobre los problemas de M\u00e9xico y del mundo, ponemos a su consideraci\u00f3n resultados, avances de investigaci\u00f3n y reflexiones te\u00f3ricas de un grupo de acad\u00e9micos, de dentro y fuera de la universidad.&nbsp;<\/p>\n","protected":false},"excerpt":{"rendered":"<p>Siguiendo la tradici\u00f3n de Veredas como una revista del pensamiento sociol\u00f3gico con una larga trayectoria acad\u00e9mica, preocupada adem\u00e1s por la reflexi\u00f3n de los problemas del mundo, publicamos una serie de art\u00edculos que dan cuenta de algunas cuestiones en las que hoy d\u00eda es imperante debatir, con el fin de acercarnos a la complejidad y comprensi\u00f3n [&hellip;]<\/p>\n","protected":false},"author":2,"featured_media":811,"parent":0,"menu_order":0,"comment_status":"closed","ping_status":"closed","template":"","meta":{"footnotes":""},"class_list":["post-2029","page","type-page","status-publish","has-post-thumbnail","hentry"],"_links":{"self":[{"href":"https:\/\/veredas.xoc.uam.mx\/index.php\/wp-json\/wp\/v2\/pages\/2029","targetHints":{"allow":["GET"]}}],"collection":[{"href":"https:\/\/veredas.xoc.uam.mx\/index.php\/wp-json\/wp\/v2\/pages"}],"about":[{"href":"https:\/\/veredas.xoc.uam.mx\/index.php\/wp-json\/wp\/v2\/types\/page"}],"author":[{"embeddable":true,"href":"https:\/\/veredas.xoc.uam.mx\/index.php\/wp-json\/wp\/v2\/users\/2"}],"replies":[{"embeddable":true,"href":"https:\/\/veredas.xoc.uam.mx\/index.php\/wp-json\/wp\/v2\/comments?post=2029"}],"version-history":[{"count":4,"href":"https:\/\/veredas.xoc.uam.mx\/index.php\/wp-json\/wp\/v2\/pages\/2029\/revisions"}],"predecessor-version":[{"id":2260,"href":"https:\/\/veredas.xoc.uam.mx\/index.php\/wp-json\/wp\/v2\/pages\/2029\/revisions\/2260"}],"wp:featuredmedia":[{"embeddable":true,"href":"https:\/\/veredas.xoc.uam.mx\/index.php\/wp-json\/wp\/v2\/media\/811"}],"wp:attachment":[{"href":"https:\/\/veredas.xoc.uam.mx\/index.php\/wp-json\/wp\/v2\/media?parent=2029"}],"curies":[{"name":"wp","href":"https:\/\/api.w.org\/{rel}","templated":true}]}}