{"id":3567,"date":"2022-03-23T02:04:34","date_gmt":"2022-03-23T02:04:34","guid":{"rendered":"https:\/\/veredas.xoc.uam.mx\/?page_id=3567"},"modified":"2022-03-23T02:28:33","modified_gmt":"2022-03-23T02:28:33","slug":"entrevista","status":"publish","type":"page","link":"https:\/\/veredas.xoc.uam.mx\/index.php\/entrevista\/","title":{"rendered":"Entrevista"},"content":{"rendered":"\t\t<div data-elementor-type=\"wp-page\" data-elementor-id=\"3567\" class=\"elementor elementor-3567\">\n\t\t\t\t\t\t<section class=\"elementor-section elementor-top-section elementor-element elementor-element-6c3bde6 elementor-section-boxed elementor-section-height-default elementor-section-height-default\" data-id=\"6c3bde6\" data-element_type=\"section\" data-settings=\"{&quot;background_background&quot;:&quot;classic&quot;}\">\n\t\t\t\t\t\t<div class=\"elementor-container elementor-column-gap-default\">\n\t\t\t\t\t<div class=\"elementor-column elementor-col-100 elementor-top-column elementor-element elementor-element-312f8e6\" data-id=\"312f8e6\" data-element_type=\"column\">\n\t\t\t<div class=\"elementor-widget-wrap elementor-element-populated\">\n\t\t\t\t\t\t<div class=\"elementor-element elementor-element-4fe3fe2 elementor-widget elementor-widget-heading\" data-id=\"4fe3fe2\" data-element_type=\"widget\" data-widget_type=\"heading.default\">\n\t\t\t\t<div class=\"elementor-widget-container\">\n\t\t\t\t\t<h2 class=\"elementor-heading-title elementor-size-large\">Entrevistas<\/h2>\t\t\t\t<\/div>\n\t\t\t\t<\/div>\n\t\t\t\t<div class=\"elementor-element elementor-element-4050a47 elementor-widget elementor-widget-text-editor\" data-id=\"4050a47\" data-element_type=\"widget\" data-widget_type=\"text-editor.default\">\n\t\t\t\t<div class=\"elementor-widget-container\">\n\t\t\t\t\t\t\t\t\t<style>.wp-show-posts-columns#wpsp-2688 {margin-left: -2em; }.wp-show-posts-columns#wpsp-2688 .wp-show-posts-inner {margin: 0 0 2em 2em; }<\/style><section id=\"wpsp-2688\" class=\" wp-show-posts-columns wp-show-posts\" style=\"\"><article class=\" wp-show-posts-single post-6069 post type-post status-publish format-standard has-post-thumbnail hentry category-entrevistas category-numero-47 tag-memoria tag-memoria-visual tag-vineta wpsp-col-4\" itemtype=\"http:\/\/schema.org\/CreativeWork\" itemscope><div class=\"wp-show-posts-inner\" style=\"\">\t\t\t\t\t\t<header class=\"wp-show-posts-entry-header\">\n\t\t\t\t\t\t\t<h2 class=\"wp-show-posts-entry-title\" itemprop=\"headline\"><a href=\"https:\/\/veredas.xoc.uam.mx\/index.php\/2026\/01\/26\/entre-archivo-y-vineta-la-memoria-visual-de-laura-nallely-hernandez-nieto\/\" rel=\"bookmark\">Entre archivo y vi\u00f1eta:\u00a0la memoria visual de Laura Nallely Hern\u00e1ndez Nieto<\/a><\/h2>\t\t\t\t\t\t<\/header><!-- .entry-header -->\n\t\t\t\t\t\t\t<div class=\"wp-show-posts-image  wpsp-image-center \">\n\t\t\t<a href=\"https:\/\/veredas.xoc.uam.mx\/index.php\/2026\/01\/26\/entre-archivo-y-vineta-la-memoria-visual-de-laura-nallely-hernandez-nieto\/\"  title=\"Entre archivo y vi\u00f1eta:\u00a0la memoria visual de Laura Nallely Hern\u00e1ndez Nieto\">\t\t\t\t\t<img decoding=\"async\" src=\"https:\/\/veredas.xoc.uam.mx\/archivos\/2026\/01\/Captura-de-pantalla-2026-01-24-a-las-23.58.43-700x500.png\" alt=\"Entre archivo y vi\u00f1eta:\u00a0la memoria visual de Laura Nallely Hern\u00e1ndez Nieto\" itemprop=\"image\" class=\"center\" \/>\n\t\t\t\t<\/a>\t\t<\/div>\n\t\t\t\t\t\t\t\t<div class=\"wp-show-posts-entry-summary\" itemprop=\"text\">\n\t\t\t\t\t\t\t<p>En el universo de las narrativas visuales, la historieta ha sido hist\u00f3ricamente relegada al margen de las formas leg\u00edtimas del saber. Laura Nallely Hern\u00e1ndez Nieto, especialista en historieta mexicana y Doctora en Historia del Arte, combina su labor como profesora y la curadur\u00eda de exposiciones.<\/p>\n\t\t\t\t\t\t<\/div><!-- .entry-summary -->\n\t\t\t\t\t<\/div><!-- wp-show-posts-inner --><\/article><article class=\" wp-show-posts-single post-5440 post type-post status-publish format-standard has-post-thumbnail hentry category-entrevistas category-numero-46 tag-arte tag-creatividad tag-docencia tag-urbano wpsp-col-4\" itemtype=\"http:\/\/schema.org\/CreativeWork\" itemscope><div class=\"wp-show-posts-inner\" style=\"\">\t\t\t\t\t\t<header class=\"wp-show-posts-entry-header\">\n\t\t\t\t\t\t\t<h2 class=\"wp-show-posts-entry-title\" itemprop=\"headline\"><a href=\"https:\/\/veredas.xoc.uam.mx\/index.php\/2025\/05\/08\/todos-somos-creativos-formas-de-hacer-y-ensenar-arte-conversacion-con-victor-leon\/\" rel=\"bookmark\">Todos somos creativos: formas de hacer y ense\u00f1ar arte. Conversaci\u00f3n con V\u00edctor Le\u00f3n.<\/a><\/h2>\t\t\t\t\t\t<\/header><!-- .entry-header -->\n\t\t\t\t\t\t\t<div class=\"wp-show-posts-image  wpsp-image-center \">\n\t\t\t<a href=\"https:\/\/veredas.xoc.uam.mx\/index.php\/2025\/05\/08\/todos-somos-creativos-formas-de-hacer-y-ensenar-arte-conversacion-con-victor-leon\/\"  title=\"Todos somos creativos: formas de hacer y ense\u00f1ar arte. Conversaci\u00f3n con V\u00edctor Le\u00f3n.\">\t\t\t\t\t<img decoding=\"async\" src=\"https:\/\/veredas.xoc.uam.mx\/archivos\/2025\/05\/Captura-de-pantalla-2025-05-08-170217-700x500.png\" alt=\"Todos somos creativos: formas de hacer y ense\u00f1ar arte. Conversaci\u00f3n con V\u00edctor Le\u00f3n.\" itemprop=\"image\" class=\"center\" \/>\n\t\t\t\t<\/a>\t\t<\/div>\n\t\t\t\t\t\t\t\t<div class=\"wp-show-posts-entry-summary\" itemprop=\"text\">\n\t\t\t\t\t\t\t<p>Entrevista con V\u00edctor Le\u00f3n: su trayectoria, motivaciones, intereses y fuentes de inspiraci\u00f3n mediante las cuales se conecta con el mundo, con su entorno y con la docencia que ejerce en una escuela para personas con discapacidad a quienes introduce en el arte.<\/p>\n\t\t\t\t\t\t<\/div><!-- .entry-summary -->\n\t\t\t\t\t<\/div><!-- wp-show-posts-inner --><\/article><article class=\" wp-show-posts-single post-3864 post type-post status-publish format-standard has-post-thumbnail hentry category-entrevistas category-numero-43 tag-cultura wpsp-col-4\" itemtype=\"http:\/\/schema.org\/CreativeWork\" itemscope><div class=\"wp-show-posts-inner\" style=\"\">\t\t\t\t\t\t<header class=\"wp-show-posts-entry-header\">\n\t\t\t\t\t\t\t<h2 class=\"wp-show-posts-entry-title\" itemprop=\"headline\"><a href=\"https:\/\/veredas.xoc.uam.mx\/index.php\/2022\/12\/21\/cinema-tropical-conmemorando-20-anos-de-exhibir-cine-latinoamericano-en-nueva-york-entrevista-a-carlos-a-gutierrez\/\" rel=\"bookmark\">Cinema Tropical: conmemorando 20 a\u00f1os de exhibir cine latinoamericano en Nueva York. Entrevista a Carlos A. Guti\u00e9rrez<\/a><\/h2>\t\t\t\t\t\t<\/header><!-- .entry-header -->\n\t\t\t\t\t\t\t<div class=\"wp-show-posts-image  wpsp-image-center \">\n\t\t\t<a href=\"https:\/\/veredas.xoc.uam.mx\/index.php\/2022\/12\/21\/cinema-tropical-conmemorando-20-anos-de-exhibir-cine-latinoamericano-en-nueva-york-entrevista-a-carlos-a-gutierrez\/\"  title=\"Cinema Tropical: conmemorando 20 a\u00f1os de exhibir cine latinoamericano en Nueva York. Entrevista a Carlos A. Guti\u00e9rrez\">\t\t\t\t\t<img decoding=\"async\" src=\"https:\/\/veredas.xoc.uam.mx\/archivos\/2022\/12\/cinematrop-700x500.jpg\" alt=\"Cinema Tropical: conmemorando 20 a\u00f1os de exhibir cine latinoamericano en Nueva York. Entrevista a Carlos A. Guti\u00e9rrez\" itemprop=\"image\" class=\"center\" \/>\n\t\t\t\t<\/a>\t\t<\/div>\n\t\t\t\t\t\t\t\t<div class=\"wp-show-posts-entry-summary\" itemprop=\"text\">\n\t\t\t\t\t\t\t<p>El objetivo de la entrevista era poner en perspectiva la trayectoria y el esfuerzo de 20 a\u00f1os de exhibir, difundir y promover el cine latinoamericano en una de las ciudades m\u00e1s cosmopolitas del mundo.\u00a0Y as\u00ed se hizo.<\/p>\n\t\t\t\t\t\t<\/div><!-- .entry-summary -->\n\t\t\t\t\t<\/div><!-- wp-show-posts-inner --><\/article><article class=\" wp-show-posts-single post-3495 post type-post status-publish format-standard has-post-thumbnail hentry category-entrevistas category-numero-42 tag-arte tag-grabados wpsp-col-4\" itemtype=\"http:\/\/schema.org\/CreativeWork\" itemscope><div class=\"wp-show-posts-inner\" style=\"\">\t\t\t\t\t\t<header class=\"wp-show-posts-entry-header\">\n\t\t\t\t\t\t\t<h2 class=\"wp-show-posts-entry-title\" itemprop=\"headline\"><a href=\"https:\/\/veredas.xoc.uam.mx\/index.php\/2022\/03\/23\/ginko-paseo-en-busca-de-inspiracion-conversacion-con-terumi-moriyama\/\" rel=\"bookmark\">Gink\u014d. Paseo en busca  de inspiraci\u00f3n.   Conversaci\u00f3n con Terumi Moriyama<\/a><\/h2>\t\t\t\t\t\t<\/header><!-- .entry-header -->\n\t\t\t\t\t\t\t<div class=\"wp-show-posts-image  wpsp-image-center \">\n\t\t\t<a href=\"https:\/\/veredas.xoc.uam.mx\/index.php\/2022\/03\/23\/ginko-paseo-en-busca-de-inspiracion-conversacion-con-terumi-moriyama\/\"  title=\"Gink\u014d. Paseo en busca  de inspiraci\u00f3n.   Conversaci\u00f3n con Terumi Moriyama\">\t\t\t\t\t<img decoding=\"async\" src=\"https:\/\/veredas.xoc.uam.mx\/archivos\/2022\/03\/ENtrevista-700x500.jpg\" alt=\"Gink\u014d. Paseo en busca  de inspiraci\u00f3n.   Conversaci\u00f3n con Terumi Moriyama\" itemprop=\"image\" class=\"center\" \/>\n\t\t\t\t<\/a>\t\t<\/div>\n\t\t\t\t\t\t\t\t<div class=\"wp-show-posts-entry-summary\" itemprop=\"text\">\n\t\t\t\t\t\t\t<p>La vida de una artista y la manera en que plasma en im\u00e1genes aquello que la inspira, podr\u00eda ser m\u00e1s o menos un ejercicio como el que realizan los poetas de haikus.<\/p>\n\t\t\t\t\t\t<\/div><!-- .entry-summary -->\n\t\t\t\t\t<\/div><!-- wp-show-posts-inner --><\/article><article class=\" wp-show-posts-single post-2485 post type-post status-publish format-standard has-post-thumbnail hentry category-entrevistas category-numero-41 tag-identidades tag-juanita tag-obra tag-perez-adelman tag-pintora tag-tejiendo wpsp-col-4\" itemtype=\"http:\/\/schema.org\/CreativeWork\" itemscope><div class=\"wp-show-posts-inner\" style=\"\">\t\t\t\t\t\t<header class=\"wp-show-posts-entry-header\">\n\t\t\t\t\t\t\t<h2 class=\"wp-show-posts-entry-title\" itemprop=\"headline\"><a href=\"https:\/\/veredas.xoc.uam.mx\/index.php\/2021\/04\/20\/tejiendo-identidades-conversacion-con-la-pintora-juanita-perez-adelman\/\" rel=\"bookmark\">Tejiendo identidades. Conversaci\u00f3n con la pintora Juanita P\u00e9rez-Adelman<\/a><\/h2>\t\t\t\t\t\t<\/header><!-- .entry-header -->\n\t\t\t\t\t\t\t<div class=\"wp-show-posts-image  wpsp-image-center \">\n\t\t\t<a href=\"https:\/\/veredas.xoc.uam.mx\/index.php\/2021\/04\/20\/tejiendo-identidades-conversacion-con-la-pintora-juanita-perez-adelman\/\"  title=\"Tejiendo identidades. Conversaci\u00f3n con la pintora Juanita P\u00e9rez-Adelman\">\t\t\t\t\t<img decoding=\"async\" src=\"https:\/\/veredas.xoc.uam.mx\/archivos\/2021\/04\/Juanit3-e1618986223378-700x500.jpg\" alt=\"Tejiendo identidades. Conversaci\u00f3n con la pintora Juanita P\u00e9rez-Adelman\" itemprop=\"image\" class=\"center\" \/>\n\t\t\t\t<\/a>\t\t<\/div>\n\t\t\t\t\t\t\t\t<div class=\"wp-show-posts-entry-summary\" itemprop=\"text\">\n\t\t\t\t\t\t\t<p>Los hilos, los tejidos, las texturas, hacen referencia a la manera en que se construyen las identidades, no s\u00f3lo de esta pintora, sino las de todos. <\/p>\n\t\t\t\t\t\t<\/div><!-- .entry-summary -->\n\t\t\t\t\t<\/div><!-- wp-show-posts-inner --><\/article><div class=\"wpsp-clear\"><\/div><\/section><!-- .wp-show-posts -->\t\t\t\t\t\t\t\t<\/div>\n\t\t\t\t<\/div>\n\t\t\t\t\t<\/div>\n\t\t<\/div>\n\t\t\t\t\t<\/div>\n\t\t<\/section>\n\t\t\t\t<\/div>\n\t\t","protected":false},"excerpt":{"rendered":"<p>Entrevistas<\/p>\n","protected":false},"author":2,"featured_media":0,"parent":0,"menu_order":0,"comment_status":"closed","ping_status":"closed","template":"","meta":{"footnotes":""},"class_list":["post-3567","page","type-page","status-publish","hentry"],"_links":{"self":[{"href":"https:\/\/veredas.xoc.uam.mx\/index.php\/wp-json\/wp\/v2\/pages\/3567","targetHints":{"allow":["GET"]}}],"collection":[{"href":"https:\/\/veredas.xoc.uam.mx\/index.php\/wp-json\/wp\/v2\/pages"}],"about":[{"href":"https:\/\/veredas.xoc.uam.mx\/index.php\/wp-json\/wp\/v2\/types\/page"}],"author":[{"embeddable":true,"href":"https:\/\/veredas.xoc.uam.mx\/index.php\/wp-json\/wp\/v2\/users\/2"}],"replies":[{"embeddable":true,"href":"https:\/\/veredas.xoc.uam.mx\/index.php\/wp-json\/wp\/v2\/comments?post=3567"}],"version-history":[{"count":7,"href":"https:\/\/veredas.xoc.uam.mx\/index.php\/wp-json\/wp\/v2\/pages\/3567\/revisions"}],"predecessor-version":[{"id":3589,"href":"https:\/\/veredas.xoc.uam.mx\/index.php\/wp-json\/wp\/v2\/pages\/3567\/revisions\/3589"}],"wp:attachment":[{"href":"https:\/\/veredas.xoc.uam.mx\/index.php\/wp-json\/wp\/v2\/media?parent=3567"}],"curies":[{"name":"wp","href":"https:\/\/api.w.org\/{rel}","templated":true}]}}